{"id":134,"date":"2025-08-06T19:14:31","date_gmt":"2025-08-06T17:14:31","guid":{"rendered":"https:\/\/frilesalebrok.com\/?page_id=134"},"modified":"2025-09-18T18:58:37","modified_gmt":"2025-09-18T16:58:37","slug":"inicio","status":"publish","type":"page","link":"https:\/\/frilesalebrok.com\/","title":{"rendered":"Inicio"},"content":{"rendered":"\n<figure class=\"wp-block-video alignfull\"><video height=\"1080\" style=\"aspect-ratio: 1920 \/ 1080;\" width=\"1920\" autoplay muted src=\"https:\/\/frilesalebrok.com\/wp-content\/uploads\/2025\/09\/FRILESA_V9_F.mov\" playsinline><\/video><\/figure>\n\n\n\n<p class=\"has-text-align-center\" style=\"margin-top:var(--wp--preset--spacing--80);margin-bottom:var(--wp--preset--spacing--80)\"><strong>Frilesa &amp; Lebrok<\/strong> es una compa\u00f1\u00eda especializada en el procesamiento, transformaci\u00f3n y distribuci\u00f3n de productos c\u00e1rnicos. Nuestra actividad est\u00e1 enfocada en dar servicio a<strong> distribuidores, fabricantes de elaborados y grandes operadores del sector alimentario<\/strong>, que requieren un proveedor serio, \u00e1gil y comprometido con los m\u00e1s altos est\u00e1ndares de calidad y trazabilidad.<\/p>\n\n\n<ul style=\"border-style:none;border-width:0px; padding-right:0;padding-left:0;padding-top:0;padding-bottom:0;margin-top:0;margin-bottom:var(--wp--preset--spacing--80);margin-left:var(--wp--preset--spacing--80);margin-right:var(--wp--preset--spacing--80);\" class=\"wp-block-latest-posts__list is-grid columns-3 alignfull wp-block-latest-posts\"><li><div class=\"wp-block-latest-posts__featured-image aligncenter\"><img loading=\"lazy\" decoding=\"async\" width=\"750\" height=\"713\" src=\"https:\/\/frilesalebrok.com\/wp-content\/uploads\/2025\/08\/Screenshot-2025-09-14-at-11.43.49-1024x973.png\" class=\"attachment-large size-large wp-post-image\" alt=\"\" style=\"\" srcset=\"https:\/\/frilesalebrok.com\/wp-content\/uploads\/2025\/08\/Screenshot-2025-09-14-at-11.43.49-1024x973.png 1024w, https:\/\/frilesalebrok.com\/wp-content\/uploads\/2025\/08\/Screenshot-2025-09-14-at-11.43.49-300x285.png 300w, https:\/\/frilesalebrok.com\/wp-content\/uploads\/2025\/08\/Screenshot-2025-09-14-at-11.43.49-768x730.png 768w, https:\/\/frilesalebrok.com\/wp-content\/uploads\/2025\/08\/Screenshot-2025-09-14-at-11.43.49.png 1330w\" sizes=\"auto, (max-width: 750px) 100vw, 750px\" \/><\/div><a class=\"wp-block-latest-posts__post-title\" href=\"https:\/\/frilesalebrok.com\/?p=174\">Frilesa &amp; Lebrok refuerzan su equipo comercial con la incorporaci\u00f3n de Tamara<\/a><div class=\"wp-block-latest-posts__post-excerpt\">En Frilesa &amp; Lebrok seguimos apostando por el crecimiento y la cercan\u00eda con nuestros clientes. Por ello, nos complace anunciar la incorporaci\u00f3n de Tamara al equipo comercial, un paso importante que refuerza nuestra capacidad para ofrecer un servicio m\u00e1s \u00e1gil, cercano y personalizado. Tamara cuenta con experiencia en el sector y una clara orientaci\u00f3n al<a class=\"more-link\" href=\"https:\/\/frilesalebrok.com\/?p=174\">Sigue leyendo <span class=\"screen-reader-text\">\u00abFrilesa &amp; Lebrok refuerzan su equipo comercial con la incorporaci\u00f3n de Tamara\u00bb<\/span><\/a><\/div><\/li>\n<li><div class=\"wp-block-latest-posts__featured-image aligncenter\"><img loading=\"lazy\" decoding=\"async\" width=\"750\" height=\"749\" src=\"https:\/\/frilesalebrok.com\/wp-content\/uploads\/2025\/08\/Screenshot-2025-09-14-at-11.40.38-1024x1022.png\" class=\"attachment-large size-large wp-post-image\" alt=\"\" style=\"\" srcset=\"https:\/\/frilesalebrok.com\/wp-content\/uploads\/2025\/08\/Screenshot-2025-09-14-at-11.40.38-1024x1022.png 1024w, https:\/\/frilesalebrok.com\/wp-content\/uploads\/2025\/08\/Screenshot-2025-09-14-at-11.40.38-300x300.png 300w, https:\/\/frilesalebrok.com\/wp-content\/uploads\/2025\/08\/Screenshot-2025-09-14-at-11.40.38-150x150.png 150w, https:\/\/frilesalebrok.com\/wp-content\/uploads\/2025\/08\/Screenshot-2025-09-14-at-11.40.38-768x767.png 768w, https:\/\/frilesalebrok.com\/wp-content\/uploads\/2025\/08\/Screenshot-2025-09-14-at-11.40.38.png 1132w\" sizes=\"auto, (max-width: 750px) 100vw, 750px\" \/><\/div><a class=\"wp-block-latest-posts__post-title\" href=\"https:\/\/frilesalebrok.com\/?p=172\">10 razones por las que la carne congelada es la mejor opci\u00f3n para la distribuci\u00f3n internacional<\/a><div class=\"wp-block-latest-posts__post-excerpt\">En un mercado cada vez m\u00e1s competitivo y globalizado, la carne congelada se ha consolidado como la soluci\u00f3n preferida por mayoristas, distribuidores y clientes que buscan seguridad, calidad y eficiencia en sus operaciones. Gracias a los avances en procesos de conservaci\u00f3n y log\u00edstica, el congelado se ha convertido en un aliado indispensable para garantizar el<a class=\"more-link\" href=\"https:\/\/frilesalebrok.com\/?p=172\">Sigue leyendo <span class=\"screen-reader-text\">\u00ab10 razones por las que la carne congelada es la mejor opci\u00f3n para la distribuci\u00f3n internacional\u00bb<\/span><\/a><\/div><\/li>\n<li><div class=\"wp-block-latest-posts__featured-image aligncenter\"><img loading=\"lazy\" decoding=\"async\" width=\"724\" height=\"1024\" src=\"https:\/\/frilesalebrok.com\/wp-content\/uploads\/2025\/08\/Screenshot-2025-09-14-at-11.35.14-724x1024.png\" class=\"attachment-large size-large wp-post-image\" alt=\"\" style=\"\" srcset=\"https:\/\/frilesalebrok.com\/wp-content\/uploads\/2025\/08\/Screenshot-2025-09-14-at-11.35.14-724x1024.png 724w, https:\/\/frilesalebrok.com\/wp-content\/uploads\/2025\/08\/Screenshot-2025-09-14-at-11.35.14-212x300.png 212w, https:\/\/frilesalebrok.com\/wp-content\/uploads\/2025\/08\/Screenshot-2025-09-14-at-11.35.14-768x1087.png 768w, https:\/\/frilesalebrok.com\/wp-content\/uploads\/2025\/08\/Screenshot-2025-09-14-at-11.35.14-1085x1536.png 1085w, https:\/\/frilesalebrok.com\/wp-content\/uploads\/2025\/08\/Screenshot-2025-09-14-at-11.35.14.png 1214w\" sizes=\"auto, (max-width: 724px) 100vw, 724px\" \/><\/div><a class=\"wp-block-latest-posts__post-title\" href=\"https:\/\/frilesalebrok.com\/?p=168\">Frilesa &amp; Lebrok estar\u00e1n presentes como expositores en Conxemar 2025<\/a><div class=\"wp-block-latest-posts__post-excerpt\">Frilesa &amp; Lebrok participar\u00e1n como expositores en la pr\u00f3xima edici\u00f3n de Conxemar 2025, la feria internacional de productos del mar congelados y alimentos transformados que se celebrar\u00e1 en Vigo del 7 al 9 de octubre. Conxemar se ha consolidado como uno de los eventos m\u00e1s importantes de la alimentaci\u00f3n y congelados a nivel mundial, actuando<a class=\"more-link\" href=\"https:\/\/frilesalebrok.com\/?p=168\">Sigue leyendo <span class=\"screen-reader-text\">\u00abFrilesa &amp; Lebrok estar\u00e1n presentes como expositores en Conxemar 2025\u00bb<\/span><\/a><\/div><\/li>\n<\/ul>","protected":false},"excerpt":{"rendered":"<p>Frilesa &amp; Lebrok es una compa\u00f1\u00eda especializada en el procesamiento, transformaci\u00f3n y distribuci\u00f3n de productos c\u00e1rnicos. Nuestra actividad est\u00e1 enfocada en dar servicio a distribuidores, fabricantes de elaborados y grandes operadores del sector alimentario, que requieren un proveedor serio, \u00e1gil y comprometido con los m\u00e1s altos est\u00e1ndares de calidad y trazabilidad.<\/p>\n","protected":false},"author":1,"featured_media":0,"parent":0,"menu_order":0,"comment_status":"closed","ping_status":"closed","template":"","meta":{"footnotes":""},"class_list":["post-134","page","type-page","status-publish","hentry","entry"],"_links":{"self":[{"href":"https:\/\/frilesalebrok.com\/index.php?rest_route=\/wp\/v2\/pages\/134","targetHints":{"allow":["GET"]}}],"collection":[{"href":"https:\/\/frilesalebrok.com\/index.php?rest_route=\/wp\/v2\/pages"}],"about":[{"href":"https:\/\/frilesalebrok.com\/index.php?rest_route=\/wp\/v2\/types\/page"}],"author":[{"embeddable":true,"href":"https:\/\/frilesalebrok.com\/index.php?rest_route=\/wp\/v2\/users\/1"}],"replies":[{"embeddable":true,"href":"https:\/\/frilesalebrok.com\/index.php?rest_route=%2Fwp%2Fv2%2Fcomments&post=134"}],"version-history":[{"count":33,"href":"https:\/\/frilesalebrok.com\/index.php?rest_route=\/wp\/v2\/pages\/134\/revisions"}],"predecessor-version":[{"id":499,"href":"https:\/\/frilesalebrok.com\/index.php?rest_route=\/wp\/v2\/pages\/134\/revisions\/499"}],"wp:attachment":[{"href":"https:\/\/frilesalebrok.com\/index.php?rest_route=%2Fwp%2Fv2%2Fmedia&parent=134"}],"curies":[{"name":"wp","href":"https:\/\/api.w.org\/{rel}","templated":true}]}}